= 4*l + 3. Let x = l - -3. Suppose 2*g = 3*h + 13, -4*h + 4 = x*g - 2*h. What are the prime factors of g?
2
Suppose 0 = 5*b - 8*b - 24. Let i = 10 + b. Suppose -i*p = -50 + 6. What are the prime factors of p?
2, 11
Let z(g) = g + 2. Let u be z(5). Let l = 31 + -27. Suppose -l*p = n + u, -3*p = n + n - 1. What are the prime factors of n?
5
Let h = -42 - -24. Let z = -15 - h. Suppose 0 = z*x - 81 - 12. What are the prime factors of x?
31
Let z(x) be the third derivative of x**4/3 + 25*x**3/6 - 6*x**2. List the prime factors of z(14).
137
Let m(s) = -3 + 15 + 6 - s**3 - 13*s**2 + 13 + 2*s. List the prime factors of m(-13).
5
Let r(m) = -23*m - 1. Let d be r(-8). Suppose -t + 3*n + 1 + d = 0, -5*t + 884 = -3*n. Suppose -5*k + t = 2*k. What are the prime factors of k?
5
Suppose 1 = q - 20. Let i be ((-2)/(-2))/(3/q). Suppose -6*r = -i*r + 25. What are the prime factors of r?
5
Suppose -23*c = -20*c - 120. Suppose -68 = -5*w - 4*r, w - 3*r = -15 + c. List the prime factors of w.
2
Let m = 957 - -23. List the prime factors of m.
2, 5, 7
What are the prime factors of 76/(-209) + 17593/11?
3, 13, 41
Suppose -p + 6 = 2*p. Suppose 11 = x + 2*r, -p*x + 14 = -0*x + 2*r. Suppose 3*y - 21 = -3*t, -2*t + 0*y = x*y - 17. What are the prime factors of t?
2
Let s = -1390 - -1992. What are the prime factors of s?
2, 7, 43
Suppose -35605 = -19*k + 9026. What are the prime factors of k?
3, 29
Suppose -3*z + 4283 = 5*t, -16*z + 14*z = -3*t + 2585. What are the prime factors of t?
859
Let b(k) = k**3 - 47*k**2 + 48*k + 58. List the prime factors of b(46).
2, 3, 5
Let b(n) = 12*n**2 + 4*n + 4. Suppose -m = 4*c + 1 - 19, 3*m - c + 11 = 0. What are the prime factors of b(m)?
2, 11
Let z(h) = 2*h**2 + 5*h + 13. Let r = -56 - -62. List the prime factors of z(r).
5, 23
Let i(o) = 17*o**2 - 9*o + 13. List the prime factors of i(-6).
7, 97
Let t(x) = x**3 - 7*x**2 + 2*x - 9. Let j be t(7). Suppose 5*p - 7 + 22 = 0, -j*a + 83 = -p. List the prime factors of (1/2)/(2/a).
2
Let r be 7*3/(1 + 0). Let i be 286/66 - (-5)/((-15)/(-2)). Suppose -j = -3*m - 19, -4*m + 154 - r = i*j. List the prime factors of j.
5
What are the prime factors of (-526898)/(-221) - (12/(-13))/(-6)?
2, 149
Suppose 12 = 3*o + 27. Let i(s) = -25*s + 28. List the prime factors of i(o).
3, 17
Suppose -1980 = -4*f + 604. List the prime factors of f.
2, 17, 19
Suppose -64 = -g + 65. What are the prime factors of g?
3, 43
Suppose 4 = 8*c - 5*c + 4*f, 0 = c - 4*f - 28. What are the prime factors of c?
2
Let f(x) = -x**2 + 5*x + 4. Let b be f(5). Suppose -b*c + 0*c = -8. Suppose c*k - 5*y - 67 = 0, -11 = -k - 3*y + 50. List the prime factors of k.
2, 23
Let k(d) = d**3 - 11*d**2 - 9*d - 17. Suppose 0 = -7*j + 9*j - 24. List the prime factors of k(j).
19
Let b(k) = -2*k**3 - 2 - 2*k**2 + 20*k**3 + 4*k**2. List the prime factors of b(1).
2, 3
What are the prime factors of (-4)/6*(-18)/(-4) - -1060?
7, 151
Suppose -4*t + 3*t - l - 8 = 0, -l = -4*t - 12. List the prime factors of 0/t - -3 - -11.
2, 7
Suppose 3*b + 5*t = 10 + 4, 4*b - 15 = -3*t. Suppose -5*x - 5*a + 610 = 0, b*a = -x + 4*x - 372. What are the prime factors of x?
3, 41
What are the prime factors of (-1)/5 + 32525/125?
2, 5, 13
Suppose 4*q + 3*l = 9*q - 2596, 1548 = 3*q + 3*l. What are the prime factors of q?
2, 7, 37
Suppose -5*u - 10 = 0, 1 = -2*a + 5*u - 9. Let t(c) = c**2 + 11*c + 15. List the prime factors of t(a).
5
Let t(j) = -j**3 - j**2 + j. Let l be t(0). Suppose -3*u + 2*x = -l*x - 22, 5*x + 9 = -4*u. Suppose 0 = u*b - 0*b - 68. List the prime factors of b.
17
Suppose 60 = -3*z - 30. Let k = z - -32. Suppose -n - 18 = -k*n. What are the prime factors of n?
2, 3
Suppose 0 = 3*r - 7*r - 2*l + 6, 4*l = 4*r - 24. Suppose -r*k + 67 = 2*c, 4*k - 21 = -c + 5. List the prime factors of c.
2, 19
What are the prime factors of 3/(-4) + (-217935)/(-116)?
2, 3, 313
Let d(r) = 275*r**2 + 14*r + 1. What are the prime factors of d(-1)?
2, 131
Suppose 8486 = 3*a + 3*z + 1025, -5*a + 5*z = -12415. What are the prime factors of a?
5, 7, 71
Suppose 2*b - 2*o = 10, -3*b + 2*b + 9 = -3*o. Suppose -b*g = -75 - 6. List the prime factors of g.
3
Let w(t) = -t**2 - 2*t + 3. Let d be w(1). Suppose d = 5*b - 4*f - 584, -2*b + f + 126 = -110. What are the prime factors of b?
2, 3, 5
List the prime factors of 2*((5 - 2) + 218).
2, 13, 17
Suppose 33*b + 16 = 37*b. Suppose v - 70 = 3*d, 0*d = v + b*d - 56. List the prime factors of v.
2
Suppose -w = -6*w + 2160. What are the prime factors of w?
2, 3
Suppose 0 = -8*d - 33 + 913. List the prime factors of 7/((-7)/(-22) + 20/d).
2, 7
What are the prime factors of ((-17)/(-17))/((0 + 1)/717)?
3, 239
List the prime factors of (45/6 - 11/(-22))*32.
2
Let i(m) be the third derivative of 0*m + 8*m**2 - 5/6*m**3 + 0 + m**4. List the prime factors of i(2).
43
Let x = -118 + 127. List the prime factors of x.
3
Let r = 86 - 73. Let j be ((-7)/3)/((-3)/36). Suppose 0*z + r = 2*i + z, -4*z + j = 5*i. What are the prime factors of i?
2
Let c(m) = -2039*m**3 + m**2 - m - 3. What are the prime factors of c(-1)?
2, 1019
Let q(a) be the first derivative of 2*a - 3 - 5/2*a**2. List the prime factors of q(-7).
37
Suppose -2*u = h + 3*h - 16, 0 = 2*h - u - 4. List the prime factors of h.
3
Let i(x) = -18*x - 2. Let m be i(-2). Let b = -23 - -6. Let q = b + m. List the prime factors of q.
17
Let k be 41/((-2)/(-68)*2). Let d = k - 411. What are the prime factors of d?
2, 11, 13
Let j(w) = w**2 - 6*w - 11. Let a be j(6). Let t = 68 - 15. Let n = t + a. List the prime factors of n.
2, 3, 7
Suppose 5*f + 0*h = -h - 27255, -4*f - 21823 = -3*h. What are the prime factors of f/(-28) - (-2)/7?
3, 5, 13
Let w = -106 + 187. What are the prime factors of w?
3
Let i = 1276 + -910. List the prime factors of i.
2, 3, 61
Let f = -621 - -963. What are the prime factors of f?
2, 3, 19
Let i = 2730 + -214. List the prime factors of i.
2, 17, 37
Suppose 8*x = 7598 + 186. What are the prime factors of x?
7, 139
List the prime factors of (699/2)/(36/(-8) - -6).
233
Let i = 66 + -33. Let j(x) = x**2 + 12*x + 13. Let d be j(-9). Let g = d + i. List the prime factors of g.
19
Let x be 187/(-44) + (-2)/(-8). Let u(n) = -2*n - 9. Let a be u(x). List the prime factors of (-2 + a)*(-30)/2.
3, 5
Let a = 8 - 14. Let o = 10 + a. What are the prime factors of (-3 - (-14)/o)*20?
2, 5
Let a = -98 + 69. List the prime factors of a*((-2)/(-2) - 2).
29
Let w(c) = 89*c + 7. Let u(p) = 44*p + 4. Let q(s) = 5*u(s) - 3*w(s). What are the prime factors of q(-1)?
2, 23
Let l(f) = f**3 + 18*f**2 - 22*f + 23. List the prime factors of l(-14).
5, 223
Suppose t = 5*t - 1844. What are the prime factors of t?
461
What are the prime factors of -1 + (-1175 - 1)/(-2)?
587
Suppose -5*l - 23 = -c, -c - 3*l - 41 = -5*c. Suppose -f = 3*d - c + 1, 0 = f - d + 1. Suppose -y - f = -5. List the prime factors of y.
2
Suppose 0 = -6*p + p. Suppose 5*w - 77 = 4*n, p - 6 = 2*n. Suppose 0 = -4*r - 5*x - w + 40, 2*r - 2*x = 0. List the prime factors of r.
3
Suppose 14*j - 60 = 10*j. Let t = -12 + j. List the prime factors of t.
3
Let u(c) = 4*c**2 + 2*c + 2. Suppose -2*o + 9 = -v, 0*v + 5*o + 10 = -4*v. Let z be u(v). Let i = z - 33. What are the prime factors of i?
59
Suppose 4*d + 5*c = 9539, 18*d - 17*d + 3*c - 2376 = 0. List the prime factors of d.
3, 797
Let j(m) = 51*m**2 + 9*m - 35. What are the prime factors of j(5)?
5, 257
Suppose -10*v + 245 = -5*v. Let g = 125 - v. Suppose 0*z = 2*z - g. What are the prime factors of z?
2, 19
Let s be (117/(-6))/(3/(-8)). Suppose -c + 5*v - 4 = 0, -2*v = -3*c - 3*v + s. What are the prime factors of c?
2
Suppose -6 = 2*v, v - 57 = -2*p + 68. Let c = -56 + p. List the prime factors of c.
2
Let f be (-34)/(-10) + 8/(-20). Let v be (-10)/(-15) - (-4)/f. Suppose 0 = 3*w + 15, 4*w - 3*w + 113 = v*o. List the prime factors of o.
2, 3
Let d = -4 - -205. Let o be 3*((-10)/(-6) - 0). Suppose -d = -o*h - 0*h + 3*s, -4*s = -4*h + 156. List the prime factors of h.
2, 3, 7
Let v(z) = -z**2 - 11*z - 10. Let p be v(-9). Suppose -p = -8*f + 4*f. Suppose f*b - 40 = -3*b. What are the prime factors of b?
2
Let n = -28 + 21. Let m be 12*(56/12)/n. Let c(v) = -12*v - 21. List the prime factors of c(m).
3, 5
Let b(z) = -z**2 + z + 6. Let j be b(0). Suppose -j*i = 9*i - 3255. List th